 + 5*a - 5. Give r(4).
79
Let y(j) = 3*j**2 + 68*j + 40. Calculate y(-10).
-340
Let p(w) = w**2 + 99*w - 1978. Calculate p(-116).
-6
Let c(l) = -l + 37. Determine c(53).
-16
Let y(q) = 149*q + 4. Calculate y(1).
153
Let j(q) = -q**3 - 2*q + 375. Give j(0).
375
Let q(u) = 6*u - 202. Calculate q(40).
38
Let q(t) = t**2 - 19*t - 12. What is q(-12)?
360
Let s(o) = 368*o**2 - 57408*o - 7. Give s(156).
-7
Let n(i) = -i**2 - 67*i - 769. What is n(-54)?
-67
Let c(j) = -j**2 - 211*j + 2211. Calculate c(10).
1
Let g(n) = n**3 - 3*n**2 + 7*n + 9. Calculate g(5).
94
Let s(k) = -29*k + 65. Calculate s(-11).
384
Let d(x) = -3*x**2 + 127*x - 1336. Give d(23).
-2
Let b(z) = 31*z - 408. Calculate b(14).
26
Let l(d) = -d**3 - 25*d**2 - 37*d + 233. What is l(-23)?
26
Let h(y) = 2*y**3 + 55*y**2 - 324*y - 4. Give h(5).
1
Let t(m) = 17*m**3 - 6*m**2 - 9*m - 2. Determine t(-4).
-1150
Let i(a) = -a**3 - 5*a**2 - 105*a - 663. Calculate i(-6).
3
Let s(x) = x**3 + 3*x**2 - 5*x + 2. Calculate s(-4).
6
Let r(i) = 2*i**3 - 26*i**2 + 50*i + 27. Give r(3).
-3
Let m(y) = -9*y**2 - 413*y - 2704. Determine m(-38).
-6
Let j(z) = -z**3 - 19*z**2 + 149*z - 10. Give j(6).
-16
Let t(d) = -d**3 - 10*d**2 - 41*d - 202. Calculate t(-8).
-2
Let q(v) = -v**3 - 110*v**2 - 998*v + 197. Determine q(-100).
-3
Let q(b) = 2*b**2 + 9*b + 83. Calculate q(0).
83
Let g(v) = v**3 + 14*v**2 + 199*v + 2415. Determine g(-13).
-3
Let c(g) = -3*g**2 - 3*g + 36. Calculate c(0).
36
Let a(o) = -o**3 - 20*o**2 - 23*o - 80. What is a(-19)?
-4
Let p(h) = h**2 - 28*h - 12. What is p(30)?
48
Let u(g) = -g**3 - 75*g**2 - 1029*g + 11. Give u(-57).
182
Let o(g) = -g**3 + 3*g**2 - 9*g + 22. Calculate o(4).
-30
Let j(u) = -2*u**3 - 19*u**2 - 17*u - 1. Give j(-2).
-27
Let q(d) = 108*d**3 - 2*d**2 - 5*d - 4. Calculate q(-1).
-109
Let b(j) = 30*j - 125. Determine b(10).
175
Let g(b) = -54*b**2 + 4159*b + 115. Give g(77).
192
Let z(u) = -3*u**3 - 99*u**2 - 132*u - 1135. Determine z(-32).
17
Let u(s) = s**2 - 66006*s + 330003. Determine u(5).
-2
Let m(t) = -t**2 + 2*t + 77. Calculate m(11).
-22
Let c(l) = 3*l**2 + 108*l + 218. Give c(-2).
14
Let o(d) = -34*d**2 + 29*d - 27. Determine o(1).
-32
Let v(p) = -p**3 + p**2 + 25*p - 67. Calculate v(3).
-10
Let y(l) = 2*l**2 - 83*l + 365. Determine y(5).
0
Let c(b) = b**2 - 2*b - 291. Calculate c(18).
-3
Let r(l) = 10*l**2 - 873*l - 3473. Give r(-4).
179
Let w(o) = 102*o + 5826. What is w(-55)?
216
Let i(w) = -w**2 - 2*w + 32. Calculate i(11).
-111
Let p(i) = i**3 + 29*i**2 - 489*i - 36. Calculate p(12).
0
Let b(n) = n**2 - 81*n - 519. What is b(87)?
3
Let i(g) = 275*g + 3612. Calculate i(-13).
37
Let a(f) = 4*f**2 + 40*f + 100. Calculate a(-7).
16
Let x(f) = -2*f**2 + 288*f + 3434. What is x(-11)?
24
Let k(j) = -3*j**3 - 76*j**2 - 17*j - 56. What is k(-25)?
-256
Let q(w) = -481*w - 5466. Give q(-11).
-175
Let b(x) = 2*x**2 - 409*x - 6635. Determine b(-15).
-50
Let j(m) = -230*m**2 + 5523*m - 11. What is j(24)?
61
Let z(w) = w**3 - 15*w**2 - 8*w - 26. Calculate z(17).
416
Let n(b) = -b**2 + 97*b - 1385. Determine n(79).
37
Let n(i) = i**3 - 79*i**2 - 166*i + 330. Determine n(81).
6
Let d(v) = 2*v**3 + v**2 - 6*v + 10. Give d(2).
18
Let c(b) = -185*b - 10167. Calculate c(-55).
8
Let m(s) = s**3 - 16*s**2 - 26*s - 45. Calculate m(18).
135
Let z(w) = w**3 - 17*w**2 + 30*w + 152. Calculate z(14).
-16
Let p(a) = a**2 - 27*a + 149. What is p(15)?
-31
Let w(x) = 2*x**2 - 462*x + 1814. Give w(4).
-2
Let a(f) = -f**3 + 33*f**2 - 199*f + 41. Determine a(25).
66
Let m(r) = -r**3 + 9*r**2 - 25*r + 92. Give m(8).
-44
Let j(v) = -2*v**3 + 606*v**2 - 2978*v - 5. Calculate j(5).
5
Let x(s) = s - 86. Determine x(-4).
-90
Let m(s) = -s**3 + 18*s**2 - 15*s + 131. Determine m(17).
165
Let i(x) = 13*x**3 + 105*x**2 + 15*x + 49. Give i(-8).
-7
Let x(l) = -l - 32. What is x(-17)?
-15
Let j(y) = -2*y**3 - 152*y**2 - 299*y. Give j(-2).
6
Let g(o) = -485*o - 6812. What is g(-14)?
-22
Let k(o) = 3*o**2 + 20*o - 166. Calculate k(5).
9
Let y(c) = -6*c + 62. Calculate y(7).
20
Let t(f) = -f**2 - 3*f - 89. Give t(16).
-393
Let m(w) = -2421*w + 29098. Give m(12).
46
Let u(f) = 4*f**2 + 1537*f + 6136. Give u(-4).
52
Let l(a) = -a**3 - 4*a - 3. What is l(-3)?
36
Let m(g) = 2615*g + 20800. Give m(-8).
-120
Let i(k) = -110*k**2 + 5059*k + 57. What is i(46)?
11
Let w(h) = -2*h**3 - 555*h**2 + 862*h + 6976. Calculate w(-279).
1
Let o(c) = -c**2 - 52*c - 80. Give o(-46).
196
Let w(r) = -r**2 - 6*r + 12. What is w(8)?
-100
Let i(w) = 4*w**2 - 36*w - 702. Calculate i(18).
-54
Let l(y) = y**2 + 4*y - 3195. What is l(53)?
-174
Let h(y) = -218*y + 659. Calculate h(0).
659
Let z(v) = -4*v**2 + 93*v - 18. What is z(23)?
5
Let l(m) = -3*m**2 + 2493*m - 4980. Calculate l(2).
-6
Let x(l) = -12*l - 644. What is x(-55)?
16
Let f(q) = -q**2 - 44*q + 392. Give f(8).
-24
Let m(j) = -j**3 + 3*j**2 + 29*j - 102. Determine m(4).
-2
Let m(y) = -46*y + 253. Calculate m(-6).
529
Let p(d) = d**3 + 65*d**2 + 673*d - 6. Calculate p(-13).
33
Let s(h) = -h**3 + 12*h**2 + 2*h + 16. What is s(13)?
-127
Let w(z) = -53*z**2 + 610*z + 609. Determine w(-1).
-54
Let a(q) = 68*q - 68. Give a(10).
612
Let q(v) = 15190*v - 17. Determine q(0).
-17
Let l(f) = -f**2 - 34*f + 1307. Give l(-57).
-4
Let q(r) = -r**3 - 9*r**2 + 766*r + 6798. Calculate q(-9).
-96
Let w(s) = s**3 - 28*s**2 - 53*s - 216. Give w(30).
-6
Let y(x) = 739*x - 8137. What is y(11)?
-8
Let r(g) = -4*g**2 - 81*g - 368. Determine r(-17).
-147
Let x(i) = i**3 + 36*i**2 + 53*i + 631. Give x(-35).
1
Let s(n) = n**3 + 67*n**2 - 684*n + 14. Calculate s(-76).
14
Let q(j) = -111*j - 945. Give q(-8).
-57
Let t(d) = -232*d**2 + 117*d + 119. What is t(1)?
4
Let u(f) = 224*f**3 - 3136*f**2 - 3*f + 20. Determine u(14).
-22
Let f(n) = n**3 - 200*n**2 + 2781*n - 85. Calculate f(15).
5
Let x(p) = -9*p**3 - 73*p**2 - 6*p + 7. Give x(-8).
-9
Let v(d) = -d**3 - 50*d**2 + 158*d + 3. Give v(-53).
56
Let t(p) = -p**3 - 17*p**2 + 11*p + 197. Determine t(-17).
10
Let a(k) = k**2 + 27*k + 66. Give a(-12).
-114
Let o(i) = i**3 + 8*i**2 + 9*i + 38. Calculate o(-6).
56
Let h(o) = -3*o**3 + 27*o**2 - 15*o + 27. Give h(9).
-108
Let f(u) = 3*u**3 - 4*u**2 - 17*u + 41. Calculate f(2).
15
Let m(k) = 4*k**2 + 46*k + 198. Give m(-8).
86
Let x(h) = h**2 + 153*h + 466. Give x(-3).
16
Let m(w) = -66*w - 469. Determine m(-6).
-73
Let c(v) = -v + 43. Determine c(-48).
91
Let r(o) = -2*o**2 + 31*o - 11. What is r(21)?
-242
Let j(i) = -i**3 - 12*i**2 - 5*i + 60. What is j(-11)?
-6
Let d(v) = 3*v**3 - 35*v**2 + 27*v - 66. Give d(11).
-11
Let q(l) = l**2 - 59*l - 852. Give q(-12).
0
Let w(q) = -8*q + 140. Calculate w(7).
84
Let s(h) = -103*h - 384. Determine s(-4).
28
Let z(y) = -7*y**3 + 14*y**2 + 31*y + 30. Give z(-1).
20
Let d(k) = -2*k**3 + 21*k**2 + 86*k + 2. Give d(13).
275
Let x(c) = -189*c - 131. Give x(1).
-320
Let g(t) = 78*t + 62. What is g(-3)?
-172
Let z(a) = 18762*a - 788005. Calculate z(42).
-1
Let j(d) = 205*d - 1311. Give j(6).
-81
Let u(w) = 18*w - 230. Give u(-14).
-482
Let w(b) = 811*b - 21895. What is w(27)?
2
Let m(z) = 13*z + 207. Determine m(-32).
-209
Let z(n) = -9*n**3 - 70*n**2 - 5*n + 5. What is z(-5)?
-595
Let d(r) = 6*r**2 - 20*r + 37. Determine d(2).
21
Let d(l) = 2*l**3 - 20*l**2 + 33*l - 1. Calculate d(3).
-28
Let l(o) = -o**3 - 7*o**2 + o + 23. What is l(-5)?
-32
Let c(x) = 3*x**2 - 72*x - 208. Calculate c(26).
-52
Let z(w) = -1405*w - 14061. Give z(-10).
-11
Let r(k) = -236*k - 3793. Calculate r(-16).
-17
Let x(v) = 58*v + 157. Calculate x(-7).
-249
Let y(w) = -w**2 + 53. What is y(5)?
28
Let t(m) = 4497*m + 26989. What is t(-6)?
7
Let q(z) = z**3 - 2*z**2 - 65*z. What is q(9)?
-18
Let h(t) = 4*t**2 - 76*t - 23. What is h(16)?
-215
Let b(w) = -37*w**2 - 57*w + 1210. Determine b(5).
0
Let w(u) = -u**3 + 59*u**2 - 161*u - 394. Give w(56).
-2
Let m(r) = -14*r + 24. Calculate m(36).
-480
Let l(u) = 100*u + 800. Calculate l(-7).
100
Let t(q) = 35*q**2 - 531*q + 90. Calculate t(15).
0
Let d(h) = -2*h**2 + 140*h + 62. Calculate d(71).
-80
Let k(c) = 33*c + 2631. What is k(-74)?
189
Let z(s) = -2*s**2 + 14*s + 431. What is z(19)?
-25
Let s(w) = -5*w - 10. Calculate s(1).
-15
Let z(b) = b**2 - 19*b + 114. What is z(6)?
36
Let r(g) = -22*g + 899. Give r(41).
-3
Let y(f) = -93*f + 913. Determine y(10)